{"id":11282,"date":"2023-03-13T12:54:45","date_gmt":"2023-03-13T11:54:45","guid":{"rendered":"https:\/\/culton.org\/?page_id=11282"},"modified":"2023-04-07T13:09:30","modified_gmt":"2023-04-07T12:09:30","slug":"kultivargruppe","status":"publish","type":"page","link":"https:\/\/culton.org\/no\/data\/kultivargruppe\/","title":{"rendered":"Kultivargruppe"},"content":{"rendered":"\n<p><strong>Data innenfor denne systematiske kategorien ser ut til \u00e5 v\u00e6re utviklet noe inkonsekvent p\u00e5 tvers av hele feltet av domestiserte organismer, og vi er bare s\u00e5 vidt i gang med \u00e5 f\u00e5 oversikt over data og finne ut hvordan vi skal arbeide med dette feltet. Ideen med kultivargrupper er \u00e5 samle organismer innen en gruppe ut fra et veldig snevert fokus p\u00e5 egenskaper, oftest en enkelt, som farge eller vekstsett. Denne kategorien overlapper alts\u00e5 p\u00e5 en minimal m\u00e5te funksjonen til deskriptordataene (se lenger ned).<\/strong><\/p>\n\n\n\n<figure class=\"wp-block-image size-large left-align\"><img loading=\"lazy\" decoding=\"async\" width=\"1024\" height=\"382\" src=\"https:\/\/culton.org\/wp-content\/uploads\/2023\/04\/tobias-negele-3oxrpZgUYmc-unsplash-1024x382.jpg\" alt=\"\" class=\"wp-image-13277\" srcset=\"https:\/\/culton.org\/wp-content\/uploads\/2023\/04\/tobias-negele-3oxrpZgUYmc-unsplash-1024x382.jpg 1024w, https:\/\/culton.org\/wp-content\/uploads\/2023\/04\/tobias-negele-3oxrpZgUYmc-unsplash-300x112.jpg 300w, https:\/\/culton.org\/wp-content\/uploads\/2023\/04\/tobias-negele-3oxrpZgUYmc-unsplash-768x287.jpg 768w, https:\/\/culton.org\/wp-content\/uploads\/2023\/04\/tobias-negele-3oxrpZgUYmc-unsplash-1536x574.jpg 1536w, https:\/\/culton.org\/wp-content\/uploads\/2023\/04\/tobias-negele-3oxrpZgUYmc-unsplash-2048x765.jpg 2048w\" sizes=\"auto, (max-width: 1024px) 100vw, 1024px\" \/><figcaption class=\"wp-element-caption\">Roser er blant de organismene som er s\u00e5 mye p\u00e5virket av mennesker at det er oppst\u00e5tt et enormt mangfold det ikke gir mening \u00e5 beskrive taksonomisk. Kultonomisk starter man da med et s\u00e5kalt noto-genus (man &laquo;l\u00e5ner&raquo; taksonomiens slektsnavn og bruker det som det f\u00f8rste ledd i et kultonomisk uttrykk), men for \u00e5 skille da, blir kultivargruppene veldig viktige. viktig Foto: <a href=\"https:\/\/unsplash.com\/de\/@tobiasnegele?utm_source=unsplash&amp;utm_medium=referral&amp;utm_content=creditCopyText\">Tobias Negele<\/a>, <a href=\"https:\/\/unsplash.com\/photos\/3oxrpZgUYmc?utm_source=unsplash&amp;utm_medium=referral&amp;utm_content=creditCopyText\">Unsplash<\/a><\/figcaption><\/figure>\n\n\n\n<h2 class=\"wp-block-heading\">Kilder<\/h2>\n\n\n\n<p>S\u00e5 langt har vi bare sett p\u00e5 den f\u00f8rste av disse kildene, og planlegger \u00e5 henvende oss til ISHS i h\u00e5p om \u00e5 f\u00e5 tilgang.<\/p>\n\n\n\n<ul class=\"wp-block-list\">\n<li><strong>Svensk kulturv\u00e4xtdatabas<\/strong>, <strong>SKUD<\/strong>: <a rel=\"noreferrer noopener\" href=\"https:\/\/skud.slu.se\/nav\/taxa\" target=\"_blank\">https:\/\/skud.slu.se\/nav\/taxa<\/a> (<strong><a rel=\"noreferrer noopener\" href=\"https:\/\/www.slu.se\/centrumbildningar-och-projekt\/skud\/\" target=\"_blank\">mer om kilden<\/a><\/strong>)<\/li>\n\n\n\n<li>Data fra <strong><strong><a rel=\"noreferrer noopener\" href=\"https:\/\/www.ishs.org\/sci\/icralist\/icralist.htm\" target=\"_blank\">ICRA<\/a><\/strong><\/strong>-ene i <strong><a rel=\"noreferrer noopener\" href=\"https:\/\/www.ishs.org\/\" target=\"_blank\"><strong>ISHS<\/strong><\/a><\/strong>-nettverket. Disse b\u00f8r v\u00e6re de som skal f\u00f8re opptegnelser om kultivargrupper (eller grupper som ICNPC kaller dem). ICRA-ene har sannsynligvis mye data, men nettsidene deres varierer mye med hensyn til hva de viser og hvordan.<\/li>\n<\/ul>\n\n\n\n<p class=\"has-global-color-8-color has-base-background-color has-text-color has-background\"><a href=\"\/no\/data\/tips-om-datakilde\/\"><strong>Tips oss om kilder<\/strong><\/a><\/p>\n\n\n\n<h2 class=\"wp-block-heading\">Metode<\/h2>\n\n\n\n<p>Forel\u00f8pig har vi alts\u00e5 brukt SKUD, slik dataene foreligger i frontend, og gjort f\u00f8lgende:<\/p>\n\n\n\n<ol class=\"wp-block-list\">\n<li>ekstrahert en oversikt kun over kultivargrupper<\/li>\n\n\n\n<li>bygget v\u00e5r egen kultivargruppe-tabell basert p\u00e5 denne og fordelt navn i spr\u00e5kkolonner<\/li>\n\n\n\n<li>gitt alle oppf\u00f8ringer unike ID-er (stabile UUID)<\/li>\n<\/ol>\n\n\n\n<p>Det neste vi da kommer til \u00e5 gj\u00f8re er:<\/p>\n\n\n\n<ol class=\"wp-block-list\">\n<li>\u00c5 foresl\u00e5 oversettelser til engelsk slik at alle grupper i hvert fall har et engelsk navn<\/li>\n\n\n\n<li>Sette alle oppf\u00f8ringer til &laquo;uverifisert&raquo; <\/li>\n\n\n\n<li>Publisere tabellen i v\u00e5rt system &laquo;as is&raquo; for videreutvikling av monitoreringsteamet via culton.info<\/li>\n\n\n\n<li>Hvis SKUD tillater det, vil vi ogs\u00e5 bruke kultivarlisten deres til \u00e5 tildele grupper slik de har gjort det<\/li>\n<\/ol>\n\n\n\n<h2 class=\"wp-block-heading\">Data<\/h2>\n\n\n\n<p class=\"has-global-color-8-color has-base-background-color has-text-color has-background\">V\u00e5r f\u00f8rste betaversjon av sjekklistetjenesten vil kj\u00f8re fra <strong><a href=\"https:\/\/beta.culton.org\/\">beta.culton.org<\/a><\/strong>. Her p\u00e5 culton.org er det <a href=\"\/no\/data\/datasett\/\" data-type=\"URL\" data-id=\"\/no\/data\/datasett\/\">utviklingsdatasett<\/a>, for det meste i regnearkformat, kun for intern diskusjon og tilgang begrenset til p\u00e5loggede deltakere i prosjektet. Dersom det er lagt ut slike data, lenkes det dit under her:<\/p>\n\n\n\n<div style=\"height:100px\" aria-hidden=\"true\" class=\"wp-block-spacer\"><\/div>\n","protected":false},"excerpt":{"rendered":"<p>Data innenfor denne systematiske kategorien ser ut til \u00e5 v\u00e6re utviklet noe inkonsekvent p\u00e5 tvers av hele feltet av domestiserte organismer, og vi er bare s\u00e5 vidt i gang med \u00e5 f\u00e5 oversikt over data og finne ut hvordan vi skal arbeide med dette feltet. Ideen med kultivargrupper er \u00e5 samle organismer innen en gruppe &#8230; <a title=\"Kultivargruppe\" class=\"read-more\" href=\"https:\/\/culton.org\/no\/data\/kultivargruppe\/\" aria-label=\"Read more about Kultivargruppe\">Les mer<\/a><\/p>\n","protected":false},"author":3,"featured_media":0,"parent":7998,"menu_order":2,"comment_status":"closed","ping_status":"closed","template":"","meta":{"_bbp_topic_count":0,"_bbp_reply_count":0,"_bbp_total_topic_count":0,"_bbp_total_reply_count":0,"_bbp_voice_count":0,"_bbp_anonymous_reply_count":0,"_bbp_topic_count_hidden":0,"_bbp_reply_count_hidden":0,"_bbp_forum_subforum_count":0,"_lmt_disableupdate":"no","_lmt_disable":"","footnotes":""},"class_list":["post-11282","page","type-page","status-publish"],"_links":{"self":[{"href":"https:\/\/culton.org\/no\/wp-json\/wp\/v2\/pages\/11282","targetHints":{"allow":["GET"]}}],"collection":[{"href":"https:\/\/culton.org\/no\/wp-json\/wp\/v2\/pages"}],"about":[{"href":"https:\/\/culton.org\/no\/wp-json\/wp\/v2\/types\/page"}],"author":[{"embeddable":true,"href":"https:\/\/culton.org\/no\/wp-json\/wp\/v2\/users\/3"}],"replies":[{"embeddable":true,"href":"https:\/\/culton.org\/no\/wp-json\/wp\/v2\/comments?post=11282"}],"version-history":[{"count":33,"href":"https:\/\/culton.org\/no\/wp-json\/wp\/v2\/pages\/11282\/revisions"}],"predecessor-version":[{"id":13737,"href":"https:\/\/culton.org\/no\/wp-json\/wp\/v2\/pages\/11282\/revisions\/13737"}],"up":[{"embeddable":true,"href":"https:\/\/culton.org\/no\/wp-json\/wp\/v2\/pages\/7998"}],"wp:attachment":[{"href":"https:\/\/culton.org\/no\/wp-json\/wp\/v2\/media?parent=11282"}],"curies":[{"name":"wp","href":"https:\/\/api.w.org\/{rel}","templated":true}]}}

<p><strong>Data innenfor denne systematiske kategorien ser ut til å være utviklet noe inkonsekvent på tvers av hele feltet av domestiserte organismer, og vi er bare så vidt i gang med å få oversikt over data og finne ut hvordan vi skal arbeide med dette feltet. Ideen med kultivargrupper er å samle organismer innen en gruppe ut fra et veldig snevert fokus på egenskaper, oftest en enkelt, som farge eller vekstsett. Denne kategorien overlapper altså på en minimal måte funksjonen til deskriptordataene (se lenger ned).</strong></p>



<figure class="wp-block-image size-large left-align"><img loading="lazy" decoding="async" width="1024" height="382" src="https://culton.org/wp-content/uploads/2023/04/tobias-negele-3oxrpZgUYmc-unsplash-1024x382.jpg" alt="" class="wp-image-13277" srcset="https://culton.org/wp-content/uploads/2023/04/tobias-negele-3oxrpZgUYmc-unsplash-1024x382.jpg 1024w, https://culton.org/wp-content/uploads/2023/04/tobias-negele-3oxrpZgUYmc-unsplash-300x112.jpg 300w, https://culton.org/wp-content/uploads/2023/04/tobias-negele-3oxrpZgUYmc-unsplash-768x287.jpg 768w, https://culton.org/wp-content/uploads/2023/04/tobias-negele-3oxrpZgUYmc-unsplash-1536x574.jpg 1536w, https://culton.org/wp-content/uploads/2023/04/tobias-negele-3oxrpZgUYmc-unsplash-2048x765.jpg 2048w" sizes="auto, (max-width: 1024px) 100vw, 1024px" /><figcaption class="wp-element-caption">Roser er blant de organismene som er så mye påvirket av mennesker at det er oppstått et enormt mangfold det ikke gir mening å beskrive taksonomisk. Kultonomisk starter man da med et såkalt noto-genus (man &laquo;låner&raquo; taksonomiens slektsnavn og bruker det som det første ledd i et kultonomisk uttrykk), men for å skille da, blir kultivargruppene veldig viktige. viktig Foto: <a href="https://unsplash.com/de/@tobiasnegele?utm_source=unsplash&amp;utm_medium=referral&amp;utm_content=creditCopyText">Tobias Negele</a>, <a href="https://unsplash.com/photos/3oxrpZgUYmc?utm_source=unsplash&amp;utm_medium=referral&amp;utm_content=creditCopyText">Unsplash</a></figcaption></figure>



<h2 class="wp-block-heading">Kilder</h2>



<p>Så langt har vi bare sett på den første av disse kildene, og planlegger å henvende oss til ISHS i håp om å få tilgang.</p>



<ul class="wp-block-list">
<li><strong>Svensk kulturväxtdatabas</strong>, <strong>SKUD</strong>: <a rel="noreferrer noopener" href="https://skud.slu.se/nav/taxa" target="_blank">https://skud.slu.se/nav/taxa</a> (<strong><a rel="noreferrer noopener" href="https://www.slu.se/centrumbildningar-och-projekt/skud/" target="_blank">mer om kilden</a></strong>)</li>



<li>Data fra <strong><strong><a rel="noreferrer noopener" href="https://www.ishs.org/sci/icralist/icralist.htm" target="_blank">ICRA</a></strong></strong>-ene i <strong><a rel="noreferrer noopener" href="https://www.ishs.org/" target="_blank"><strong>ISHS</strong></a></strong>-nettverket. Disse bør være de som skal føre opptegnelser om kultivargrupper (eller grupper som ICNPC kaller dem). ICRA-ene har sannsynligvis mye data, men nettsidene deres varierer mye med hensyn til hva de viser og hvordan.</li>
</ul>



<p class="has-global-color-8-color has-base-background-color has-text-color has-background"><a href="/no/data/tips-om-datakilde/"><strong>Tips oss om kilder</strong></a></p>



<h2 class="wp-block-heading">Metode</h2>



<p>Foreløpig har vi altså brukt SKUD, slik dataene foreligger i frontend, og gjort følgende:</p>



<ol class="wp-block-list">
<li>ekstrahert en oversikt kun over kultivargrupper</li>



<li>bygget vår egen kultivargruppe-tabell basert på denne og fordelt navn i språkkolonner</li>



<li>gitt alle oppføringer unike ID-er (stabile UUID)</li>
</ol>



<p>Det neste vi da kommer til å gjøre er:</p>



<ol class="wp-block-list">
<li>Å foreslå oversettelser til engelsk slik at alle grupper i hvert fall har et engelsk navn</li>



<li>Sette alle oppføringer til &laquo;uverifisert&raquo; </li>



<li>Publisere tabellen i vårt system &laquo;as is&raquo; for videreutvikling av monitoreringsteamet via culton.info</li>



<li>Hvis SKUD tillater det, vil vi også bruke kultivarlisten deres til å tildele grupper slik de har gjort det</li>
</ol>



<h2 class="wp-block-heading">Data</h2>



<p class="has-global-color-8-color has-base-background-color has-text-color has-background">Vår første betaversjon av sjekklistetjenesten vil kjøre fra <strong><a href="https://beta.culton.org/">beta.culton.org</a></strong>. Her på culton.org er det <a href="/no/data/datasett/" data-type="URL" data-id="/no/data/datasett/">utviklingsdatasett</a>, for det meste i regnearkformat, kun for intern diskusjon og tilgang begrenset til påloggede deltakere i prosjektet. Dersom det er lagt ut slike data, lenkes det dit under her:</p>



<div style="height:100px" aria-hidden="true" class="wp-block-spacer"></div>

<p>Data innenfor denne systematiske kategorien ser ut til å være utviklet noe inkonsekvent på tvers av hele feltet av domestiserte organismer, og vi er bare så vidt i gang med å få oversikt over data og finne ut hvordan vi skal arbeide med dette feltet. Ideen med kultivargrupper er å samle organismer innen en gruppe &#8230; <a title="Kultivargruppe" class="read-more" href="https://culton.org/no/data/kultivargruppe/" aria-label="Read more about Kultivargruppe">Les mer</a></p>
